{"id":641,"date":"2022-03-24T14:31:49","date_gmt":"2022-03-24T14:31:49","guid":{"rendered":"https:\/\/dolotbigsize.vn\/?post_type=product&#038;p=641"},"modified":"2025-03-13T15:32:07","modified_gmt":"2025-03-13T15:32:07","slug":"day-noi-ao-lot","status":"publish","type":"product","link":"https:\/\/bigsize.sexyshop.vn\/index.php\/san-pham\/day-noi-ao-lot\/","title":{"rendered":"D\u00e2y n\u1ed1i \u00e1o l\u00f3t"},"content":{"rendered":"<p>C\u00f3 th\u00eam sp s\u1ed1 12 nh\u01b0ng h\u1ebft m\u1ee5c ph\u00e2n lo\u1ea1i n\u00ean b\u1ea1n n\u00e0o th\u00edch th\u00ec inbox nh\u00e9<br \/>\nH\u00e0ng c\u00f3 s\u01b0 ch\u00eanh l\u1ec7ch m\u00e0u do \u00e1nh s\u00e1ng ch\u1ee5p trong v\u00e0 ngo\u00e0i nh\u00e0.<br \/>\nk\u00edch th\u01b0\u1edbc c\u00f3 \u0111\u1ed9 sai l\u1ec7ch giao \u0111\u1ed9ng 0.-0.4cm so k\u00edch th\u01b0\u1edbc ghi trong \u1ea3nh.<br \/>\nTrong tr\u01b0\u1eddng h\u1ee3p ch\u1ecb em b\u1ea7u, b\u00e9o mua \u00e1o v\u1ec1 m\u00e0 b\u1ecb ch\u1eadt c\u00f3 th\u1ec3 mua th\u00eam m\u00f3c n\u00e0y \u0111\u1ec3 t\u0103ng size cho v\u1eeba l\u01b0ng. N\u1ed7i kh\u1ed5 c\u1ee7a ch\u1ecb em b\u00e9o l\u00e0 t\u00ecm dc \u00e1o c\u00f3 size v\u1eeba r\u1ea5t v\u1ea5t v\u1ea3. V\u1eady th\u00ec \u0111\u00e2y l\u00e0 1 gi\u1ea3i ph\u00e1p c\/e c\u00f3 th\u1ec3 nghi\u00ean c\u1ee9u<br \/>\nHi\u1ec7n nay m\u00f3c d\u00e2y n\u1ed1i t\u0103ng size tr\u00ean th\u1ecb tr\u01b0\u1eddng c\u00f3 r\u1ea5t nhi\u1ec1u lo\u1ea1i ch\u1ea5t l\u01b0\u1ee3ng kh\u00e1c nhau. T\u1eeb nhu c\u1ea7u c\u1ee7a kh\u00e1ch, Shop c\u00f3 2 lo\u1ea1i gi\u00e1 v\u00e0 ch\u1ea5t l\u01b0\u1ee3ng kh\u00e1c nhau.<br \/>\n&#8211; N\u1ebfu kh\u00e1ch c\u00f3 nhu c\u1ea7u lo\u1ea1i gi\u00e1 r\u1ebb, ch\u1ea5t l\u01b0\u1ee3ng t\u00e0m t\u1ea1m: ch\u1ecdn theo link k\u00e8m \u1edf b\u00e0i kh\u00e1c tr\u00ean shopee, lo\u1ea1i n\u00e0y m\u00f3c s\u1eaft, \u0111\u01b0\u1eddng may ko \u0111\u01b0\u1ee3c \u0111\u1eb9p, c\u00f3 th\u1ec3 c\u00f3 2 n\u1ea5c ho\u1eb7c 3 n\u1ea5c m\u00f3c.<br \/>\n&#8211; N\u1ebfu kh\u00e1ch c\u00f3 y\u00eau c\u1ea7u cao h\u01a1n v\u1ec1 ch\u1ea5t l\u01b0\u1ee3ng &#8221; 1 \u0111\u1eddi ta, mu\u00f4n v\u00e0n \u0111\u1eddi n\u00f3&#8221;, shop e c\u00f3 s\u1ea3n ph\u1ea9m m\u00f3c t\u0103ng size \u00e1o lo\u1ea1i c\u00e1c n\u00fat m\u00f3c \u0111\u01b0\u1ee3c s\u01a1n t\u0129nh \u0111i\u1ec7n cho c\u00f9ng m\u00e0u s\u1ea3n ph\u1ea9m, n\u00e2ng cao th\u1ea9m m\u1ef9,m\u1ec1m m\u1ea1i gi\u1eef s\u1ea3n ph\u1ea9m d\u00f9ng \u0111\u01b0\u1ee3c l\u00e2u h\u01a1n. Nh\u1eefng ch\u1ecb e c\u00f3 l\u00e0n da nh\u1ea1y c\u1ea3m th\u00ec s\u1ebd ko th\u1ea5y b\u1ecb phi\u1ec1n nhi\u1ec5u nh\u01b0 c\u00e1c m\u00f3c s\u1eaft. \u0110\u01b0\u1eddng may ch\u1eafc ch\u1eafn \u0111\u1eb9p h\u01a1n nhi\u1ec1u v\u00e0 gi\u00e1 \u0111\u01b0\u01a1ng nhi\u00ean cao h\u01a1n \u1ea1<br \/>\n&#8211; C\u00e1c ch\u1ecb em l\u01b0u \u00fd khi mua \u0111\u1eb7t h\u00e0ng : Ki\u1ec3m tra \u00e1o l\u00f3t c\u1ee7a m\u00ecnh, kho\u1ea3ng c\u00e1ch gi\u1eefa c\u00e1c n\u00fat m\u00f3c c\u00f3 t\u01b0\u01a1ng \u1ee9ng v\u1edbi \u00e1o c\u1ee7a c\u00e1c ch\u1ecb kh\u00f4ng ? Kho\u1ea3ng c\u00e1ch n\u00e0y shop \u0111\u00e3 ghi r\u00f5 trong b\u00e0i. C\u00f2n kh\u00f4ng y\u00ean t\u00e2m th\u00ec c\u1ee9 c\u1ea7m \u00e1o qua shop em th\u1eed tho\u1ea3i m\u00e1i<br \/>\n&#8211; Gi\u00e1 ti\u1ec1n ph\u00eda d\u01b0\u1edbi l\u00e0 d\u00e0nh cho 1 sp\/ 1 chi\u1ebfc<br \/>\n#tangsize #tangsizeaolot #m\u00f3c #moctangsize #dolotbigsize #aolotbigsize<\/p>\n<p><strong>\u2014Quy \u0111\u1ecbnh v\u1ec1 \u0111\u1ed5i tr\u1ea3 h\u00e0ng \u2014\u2014:<\/strong><br \/>\n\u2013 \u00c1o l\u00f3t v\u00e1y ng\u1ee7, kh\u0103n m\u00f9i xoa \u0111\u01b0\u1ee3c \u0111\u1ed5i tr\u1ea3 trong v\u00f2ng 02 ng\u00e0y. Th\u1eddi gian \u0111\u01b0\u1ee3c t\u00ednh t\u1eeb l\u00fac nh\u1eadn h\u00e0ng. Kh\u00e1ch \u1edf xa, shop s\u1ebd c\u0103n c\u1ee9 theo d\u1ea5u b\u01b0u c\u1ee5c ho\u00e0n h\u00e0ng.<br \/>\n\u2013 N\u1ed9i dung : (\u0111\u1ec3 trong g\u00f3i h\u00e0ng) t\u00ean + sdt + stk bank \u0111\u1ec3 shop lhe l\u1ea1i khi nh\u1eadn l\u1ea1i.<br \/>\n\u2013 Qu\u1ea7n l\u00f3t, \u0111\u1ed3 silicon, c\u00f3 th\u00e0nh ph\u1ea7n d\u00e1n d\u00ednh, t\u1ea5t, \u2026 shop kh\u00f4ng nh\u1eadn ho\u00e0n tr\u1ea3 n\u00ean qu\u00fd kh\u00e1ch l\u01b0u \u00fd khi ch\u1ecdn size, n\u1ebfu c\u00f2n b\u0103n kho\u0103n h\u00e3y h\u1ecfi nh\u00e2n vi\u00ean t\u01b0 v\u1ea5n th\u1eadt k\u1ef9 ho\u1eb7c lo\u1ea1i s\u1ea3n ph\u1ea9m kh\u1ecfi gi\u1ecf h\u00e0ng.<br \/>\n\u2013 C\u00e1c s\u1ea3n ph\u1ea9m \u0111\u1ed5i tr\u1ea3 ph\u1ea3i \u0111\u01b0\u1ee3c gi\u1eef s\u1ea1ch s\u1ebd, c\u00f2n nguy\u00ean tem m\u00e1c (n\u1ebfu c\u00f3), ch\u01b0a qua s\u1eed d\u1ee5ng, ko c\u00f3 m\u00f9i l\u1ea1. N\u1ebfu ko \u0111\u1ea7y \u0111\u1ee7 c\u00e1c \u0111k tr\u00ean ch\u00fang t\u00f4i c\u00f3 quy\u1ec1n t\u1eeb ch\u1ed1i vi\u1ec7c ho\u00e0n tr\u1ea3 h\u00e0ng.<br \/>\n\u2013 Kh\u00e1ch h\u00e0ng s\u1ebd ch\u1ecbu chi ph\u00ed v\u1eadn chuy\u1ec3n, ho\u1eb7c ph\u00ed giao d\u1ecbch (n\u1ebfu c\u00f3) trong qu\u00e1 tr\u00ecnh \u0111\u1ed5i\/tr\u1ea3 l\u1ea1i s\u1ea3n ph\u1ea9m. Ph\u00ed giao d\u1ecbch \u1edf \u0111\u00e2y l\u00e0 c\u00e1c ph\u00ed do s\u00e0n th\u01b0\u01a1ng m\u1ea1i \u0111i\u1ec7n t\u1eed thu cho \u0111\u01a1n h\u00e0ng thu COD t\u1eeb 2-7,5% (n\u1ebfu c\u00f3), Chi ti\u1ebft shop s\u1ebd tr\u00edch \u1ea3nh ch\u1ee5p ph\u00ed c\u1ee5 th\u1ec3. Kh\u00e1ch h\u00e0ng \u0111\u1ed5i\/tr\u1ea3 h\u00e0ng tr\u1ef1c ti\u1ebfp xin vui l\u00f2ng \u0111\u1ed5i v\u00e0o c\u00e1c bu\u1ed5i chi\u1ec1u.<br \/>\nC\u1ea3m \u01a1n c\u00e1c b\u1ea1n \u0111\u00e3 \u0111\u1ecdc !<\/p>\n<p>QUAN LOT BIG SIZE SI\u00caU M\u1ec0M<br \/>\n#sexyshop #dolotbigsize #khanmuixoa #dolotsexy #aolotbigsize #quanlotbigsize #l\u1ecdt_khe #v\u00e1y_ng\u1ee7 #dolotxuatkhau #dolotxuatxin #plussize #aolotxuatxin #dolotcaocap #bigsize #bigsizelingerie #dolotcosplay #brabigsize<br \/>\n#handkerchief #kh\u0103n_tay #kh\u0103n_gofl #kh\u0103n_cao_c\u1ea5p #h\u00e0ng_x\u00e1ch_tay<\/p>\n<p>#lotkhe #hangxachtay #\u0111\u1ed3l\u00f3txu\u1ea5tkh\u1ea9u #quanlotsexy #aolotbigsize #aobigsize #supersize #westsize<\/p>\n","protected":false},"excerpt":{"rendered":"<p>C\u00f3 th\u00eam sp s\u1ed1 12 nh\u01b0ng h\u1ebft m\u1ee5c ph\u00e2n lo\u1ea1i n\u00ean b\u1ea1n n\u00e0o th\u00edch th\u00ec inbox nh\u00e9 H\u00e0ng c\u00f3 s\u01b0 ch\u00eanh l\u1ec7ch m\u00e0u do \u00e1nh s\u00e1ng ch\u1ee5p trong v\u00e0 ngo\u00e0i nh\u00e0. k\u00edch th\u01b0\u1edbc c\u00f3 \u0111\u1ed9 sai l\u1ec7ch giao \u0111\u1ed9ng 0.-0.4cm so k\u00edch th\u01b0\u1edbc ghi trong \u1ea3nh. Trong tr\u01b0\u1eddng h\u1ee3p ch\u1ecb em b\u1ea7u, b\u00e9o mua \u00e1o [&hellip;]<\/p>\n","protected":false},"featured_media":652,"comment_status":"open","ping_status":"closed","template":"","meta":[],"product_brand":[],"product_cat":[68,72,69],"product_tag":[74,73,46,51,49,47,54,56,31],"class_list":{"0":"post-641","1":"product","2":"type-product","3":"status-publish","4":"has-post-thumbnail","6":"product_cat-3-phu-kien","7":"product_cat-dan-ti","8":"product_cat-day-noi","9":"product_tag-day-noi-ao-lot","10":"product_tag-daynoiaolot","11":"product_tag-dolotbigsize","12":"product_tag-lasenza","13":"product_tag-quan-lot-size-to","14":"product_tag-quanlotbigsize","15":"product_tag-thongbigsize","16":"product_tag-ultra-soft-lasenza","17":"product_tag-western-size","18":"post","19":"post-with-thumbnail","20":"post-with-thumbnail-large","22":"first","23":"instock","24":"shipping-taxable","25":"purchasable","26":"product-type-simple"},"_links":{"self":[{"href":"https:\/\/bigsize.sexyshop.vn\/index.php\/wp-json\/wp\/v2\/product\/641","targetHints":{"allow":["GET"]}}],"collection":[{"href":"https:\/\/bigsize.sexyshop.vn\/index.php\/wp-json\/wp\/v2\/product"}],"about":[{"href":"https:\/\/bigsize.sexyshop.vn\/index.php\/wp-json\/wp\/v2\/types\/product"}],"replies":[{"embeddable":true,"href":"https:\/\/bigsize.sexyshop.vn\/index.php\/wp-json\/wp\/v2\/comments?post=641"}],"wp:featuredmedia":[{"embeddable":true,"href":"https:\/\/bigsize.sexyshop.vn\/index.php\/wp-json\/wp\/v2\/media\/652"}],"wp:attachment":[{"href":"https:\/\/bigsize.sexyshop.vn\/index.php\/wp-json\/wp\/v2\/media?parent=641"}],"wp:term":[{"taxonomy":"product_brand","embeddable":true,"href":"https:\/\/bigsize.sexyshop.vn\/index.php\/wp-json\/wp\/v2\/product_brand?post=641"},{"taxonomy":"product_cat","embeddable":true,"href":"https:\/\/bigsize.sexyshop.vn\/index.php\/wp-json\/wp\/v2\/product_cat?post=641"},{"taxonomy":"product_tag","embeddable":true,"href":"https:\/\/bigsize.sexyshop.vn\/index.php\/wp-json\/wp\/v2\/product_tag?post=641"}],"curies":[{"name":"wp","href":"https:\/\/api.w.org\/{rel}","templated":true}]}}